{"id":23249,"date":"2026-08-31T10:01:23","date_gmt":"2026-08-31T08:01:23","guid":{"rendered":"https:\/\/elpos.ch\/?page_id=23249"},"modified":"2026-08-31T10:50:51","modified_gmt":"2026-08-31T08:50:51","slug":"merci-pour-le-don","status":"publish","type":"page","link":"https:\/\/elpos.ch\/fr\/danke-fuer-die-spende\/","title":{"rendered":"Merci pour le don"},"content":{"rendered":"<div data-elementor-type=\"wp-page\" data-elementor-id=\"23249\" class=\"elementor elementor-23249\" data-elementor-post-type=\"page\">\n\t\t\t\t<div class=\"elementor-element elementor-element-d9e66f9 e-flex e-con-boxed e-con e-parent\" data-id=\"d9e66f9\" data-element_type=\"container\" data-e-type=\"container\" data-settings=\"{&quot;background_background&quot;:&quot;classic&quot;}\">\n\t\t\t\t\t<div class=\"e-con-inner\">\n\t\t<div class=\"elementor-element elementor-element-2d7800f e-con-full e-flex e-con e-child\" data-id=\"2d7800f\" data-element_type=\"container\" data-e-type=\"container\">\n\t\t\t\t<div class=\"elementor-element elementor-element-a73dd9f elementor-widget-mobile__width-inherit elementor-widget elementor-widget-heading\" data-id=\"a73dd9f\" data-element_type=\"widget\" data-e-type=\"widget\" data-widget_type=\"heading.default\">\n\t\t\t\t\t<h1 class=\"elementor-heading-title elementor-size-default\">Dons \u00e0 l'organisation TDAH elpos Suisse<\/h1>\t\t\t\t<\/div>\n\t\t\t\t<div class=\"elementor-element elementor-element-f83c6e0 elementor-widget-mobile__width-inherit elementor-widget elementor-widget-heading\" data-id=\"f83c6e0\" data-element_type=\"widget\" data-e-type=\"widget\" data-widget_type=\"heading.default\">\n\t\t\t\t\t<h1 class=\"elementor-heading-title elementor-size-default\">Merci pour votre don !<\/h1>\t\t\t\t<\/div>\n\t\t\t\t<div class=\"elementor-element elementor-element-5417191 elementor-widget-tablet__width-initial elementor-widget-mobile__width-inherit elementor-widget elementor-widget-text-editor\" data-id=\"5417191\" data-element_type=\"widget\" data-e-type=\"widget\" data-widget_type=\"text-editor.default\">\n\t\t\t\t\t\t\t\t\t<p>Ce sont des personnes comme vous qui nous permettent de soutenir les personnes atteintes de TDAH au moment o\u00f9 elles en ont le plus besoin.<\/p>\t\t\t\t\t\t\t\t<\/div>\n\t\t\t\t<\/div>\n\t\t\t\t<div class=\"elementor-element elementor-element-0eabbe3 elementor-widget__width-initial elementor-widget-tablet__width-initial elementor-widget elementor-widget-image\" data-id=\"0eabbe3\" data-element_type=\"widget\" data-e-type=\"widget\" data-widget_type=\"image.default\">\n\t\t\t\t\t\t\t\t\t\t\t\t\t\t\t<img fetchpriority=\"high\" decoding=\"async\" width=\"800\" height=\"917\" src=\"https:\/\/elpos.ch\/wp-content\/uploads\/ADHS-Organisation_elpos-Illustration_Organisation_Kontakt_ADHS-893x1024.webp\" class=\"attachment-large size-large wp-image-19759\" alt=\"\" srcset=\"https:\/\/elpos.ch\/wp-content\/uploads\/ADHS-Organisation_elpos-Illustration_Organisation_Kontakt_ADHS-893x1024.webp 893w, https:\/\/elpos.ch\/wp-content\/uploads\/ADHS-Organisation_elpos-Illustration_Organisation_Kontakt_ADHS-262x300.webp 262w, https:\/\/elpos.ch\/wp-content\/uploads\/ADHS-Organisation_elpos-Illustration_Organisation_Kontakt_ADHS-768x880.webp 768w, https:\/\/elpos.ch\/wp-content\/uploads\/ADHS-Organisation_elpos-Illustration_Organisation_Kontakt_ADHS-1340x1536.webp 1340w, https:\/\/elpos.ch\/wp-content\/uploads\/ADHS-Organisation_elpos-Illustration_Organisation_Kontakt_ADHS-1787x2048.webp 1787w, https:\/\/elpos.ch\/wp-content\/uploads\/ADHS-Organisation_elpos-Illustration_Organisation_Kontakt_ADHS.webp 1800w\" sizes=\"(max-width: 800px) 100vw, 800px\" \/>\t\t\t\t\t\t\t\t\t\t\t\t\t\t\t<\/div>\n\t\t\t\t\t<\/div>\n\t\t\t\t<\/div>\n\t\t<div class=\"elementor-element elementor-element-b5e2321 e-flex e-con-boxed e-con e-parent\" data-id=\"b5e2321\" data-element_type=\"container\" data-e-type=\"container\" data-settings=\"{&quot;background_background&quot;:&quot;classic&quot;}\">\n\t\t\t\t\t<div class=\"e-con-inner\">\n\t\t<div class=\"elementor-element elementor-element-7e73bc6 e-con-full e-flex e-con e-child\" data-id=\"7e73bc6\" data-element_type=\"container\" data-e-type=\"container\">\n\t\t\t\t<div class=\"elementor-element elementor-element-da4a39e elementor-widget__width-initial elementor-widget elementor-widget-heading\" data-id=\"da4a39e\" data-element_type=\"widget\" data-e-type=\"widget\" data-widget_type=\"heading.default\">\n\t\t\t\t\t<h2 class=\"elementor-heading-title elementor-size-default\">Heures d'ouverture<\/h2>\t\t\t\t<\/div>\n\t\t\t\t<div class=\"elementor-element elementor-element-cddeee4 elementor-widget__width-initial elementor-widget elementor-widget-text-editor\" data-id=\"cddeee4\" data-element_type=\"widget\" data-e-type=\"widget\" data-widget_type=\"text-editor.default\">\n\t\t\t\t\t\t\t\t\t<p>Lundi et jeudi (suisse romande)<br \/>09:00 \u2013 12:00 et 14:00 \u2013 16:00<\/p><p>Vous pouvez \u00e9galement prendre rendez-vous en ligne pour un rappel.<\/p>\t\t\t\t\t\t\t\t<\/div>\n\t\t\t\t<div class=\"elementor-element elementor-element-e437329 elementor-align-left elementor-widget__width-auto elementor-widget elementor-widget-button\" data-id=\"e437329\" data-element_type=\"widget\" data-e-type=\"widget\" data-widget_type=\"button.default\">\n\t\t\t\t\t\t\t\t\t\t<a class=\"elementor-button elementor-button-link elementor-size-sm\" href=\"tel:0041213509433\">\n\t\t\t\t\t\t<span class=\"elementor-button-content-wrapper\">\n\t\t\t\t\t\t\t\t\t<span class=\"elementor-button-text\">Appeler<\/span>\n\t\t\t\t\t<\/span>\n\t\t\t\t\t<\/a>\n\t\t\t\t\t\t\t\t<\/div>\n\t\t\t\t<div class=\"elementor-element elementor-element-3344424 elementor-align-left elementor-widget__width-auto elementor-widget elementor-widget-button\" data-id=\"3344424\" data-element_type=\"widget\" data-e-type=\"widget\" data-widget_type=\"button.default\">\n\t\t\t\t\t\t\t\t\t\t<a class=\"elementor-button elementor-button-link elementor-size-sm\" href=\"https:\/\/bookings.cloud.microsoft\/book\/TerminbuchungADHSOrganisationelposSchweiz@elpos.ch\/\" target=\"_blank\">\n\t\t\t\t\t\t<span class=\"elementor-button-content-wrapper\">\n\t\t\t\t\t\t\t\t\t<span class=\"elementor-button-text\">Prendre rendez-vous<\/span>\n\t\t\t\t\t<\/span>\n\t\t\t\t\t<\/a>\n\t\t\t\t\t\t\t\t<\/div>\n\t\t<div class=\"elementor-element elementor-element-c4013fa e-con-full e-flex e-con e-child\" data-id=\"c4013fa\" data-element_type=\"container\" data-e-type=\"container\">\n\t\t\t\t<div class=\"elementor-element elementor-element-15d90e0 elementor-widget__width-auto elementor-widget elementor-widget-image\" data-id=\"15d90e0\" data-element_type=\"widget\" data-e-type=\"widget\" data-widget_type=\"image.default\">\n\t\t\t\t\t\t\t\t\t\t\t\t\t\t\t<img decoding=\"async\" src=\"https:\/\/elpos.ch\/wp-content\/uploads\/elementor\/thumbs\/Elpos_Stefan_Heidelberger-qyfsafhx2x3dvgmnd4kkr1ukkd7cd9j299vrdy5x80.webp\" title=\"Elpos_Stefan_Heidelberger\" alt=\"Elpos_Stefan_Heidelberger\" loading=\"lazy\" \/>\t\t\t\t\t\t\t\t\t\t\t\t\t\t\t<\/div>\n\t\t\t\t<div class=\"elementor-element elementor-element-6584845 elementor-widget__width-inherit elementor-widget elementor-widget-text-editor\" data-id=\"6584845\" data-element_type=\"widget\" data-e-type=\"widget\" data-widget_type=\"text-editor.default\">\n\t\t\t\t\t\t\t\t\t<p>Gr\u00e2ce aux pr\u00e9cieux conseils, j'ai pu transformer ma frustration li\u00e9e au TDAH en une fascination pour le TDAH.<\/p><p><small>Stefan<\/small><\/p>\t\t\t\t\t\t\t\t<\/div>\n\t\t\t\t<\/div>\n\t\t\t\t<\/div>\n\t\t\t\t<div class=\"elementor-element elementor-element-71e84c2 elementor-widget__width-initial elementor-widget-tablet__width-inherit elementor-widget elementor-widget-heading\" data-id=\"71e84c2\" data-element_type=\"widget\" data-e-type=\"widget\" data-widget_type=\"heading.default\">\n\t\t\t\t\t<h2 class=\"elementor-heading-title elementor-size-default\">Contact avec elpos<\/h2>\t\t\t\t<\/div>\n\t\t\t\t\t<\/div>\n\t\t\t\t<\/div>\n\t\t\t\t<\/div>","protected":false},"excerpt":{"rendered":"<p>Spenden an die ADHS-Organisation elpos Schweiz Vielen Dank f\u00fcr Ihre Spende! Es sind Menschen wie Sie, die uns erm\u00f6glichen, Menschen mit ADHS dann zu unterst\u00fctzen, wenn sie es am dringendsten brauchen. \u00d6ffnungszeiten Montag, Dienstag und Donnerstag09:00 &#8211; 12:00 und 14:00 &#8211; 16:00 Uhr Gerne k\u00f6nnen Sie ausserdem online einen Termin f\u00fcr einen R\u00fcckruf vereinbaren. Anrufen [&hellip;]<\/p>\n","protected":false},"author":1,"featured_media":0,"parent":0,"menu_order":0,"comment_status":"closed","ping_status":"closed","template":"elementor_header_footer","meta":{"footnotes":""},"class_list":["post-23249","page","type-page","status-publish","hentry"],"publishpress_future_action":{"enabled":false,"date":"2026-09-08 12:09:57","action":"change-status","newStatus":"draft","terms":[],"taxonomy":"","extraData":[]},"publishpress_future_workflow_manual_trigger":{"enabledWorkflows":[]},"_links":{"self":[{"href":"https:\/\/elpos.ch\/fr\/wp-json\/wp\/v2\/pages\/23249","targetHints":{"allow":["GET"]}}],"collection":[{"href":"https:\/\/elpos.ch\/fr\/wp-json\/wp\/v2\/pages"}],"about":[{"href":"https:\/\/elpos.ch\/fr\/wp-json\/wp\/v2\/types\/page"}],"author":[{"embeddable":true,"href":"https:\/\/elpos.ch\/fr\/wp-json\/wp\/v2\/users\/1"}],"replies":[{"embeddable":true,"href":"https:\/\/elpos.ch\/fr\/wp-json\/wp\/v2\/comments?post=23249"}],"version-history":[{"count":19,"href":"https:\/\/elpos.ch\/fr\/wp-json\/wp\/v2\/pages\/23249\/revisions"}],"predecessor-version":[{"id":23282,"href":"https:\/\/elpos.ch\/fr\/wp-json\/wp\/v2\/pages\/23249\/revisions\/23282"}],"wp:attachment":[{"href":"https:\/\/elpos.ch\/fr\/wp-json\/wp\/v2\/media?parent=23249"}],"curies":[{"name":"wp","href":"https:\/\/api.w.org\/{rel}","templated":true}]}}

<div data-elementor-type="wp-page" data-elementor-id="23249" class="elementor elementor-23249" data-elementor-post-type="page">
				<div class="elementor-element elementor-element-d9e66f9 e-flex e-con-boxed e-con e-parent" data-id="d9e66f9" data-element_type="container" data-e-type="container" data-settings="{&quot;background_background&quot;:&quot;classic&quot;}">
					<div class="e-con-inner">
		<div class="elementor-element elementor-element-2d7800f e-con-full e-flex e-con e-child" data-id="2d7800f" data-element_type="container" data-e-type="container">
				<div class="elementor-element elementor-element-a73dd9f elementor-widget-mobile__width-inherit elementor-widget elementor-widget-heading" data-id="a73dd9f" data-element_type="widget" data-e-type="widget" data-widget_type="heading.default">
					<h1 class="elementor-heading-title elementor-size-default">Dons à l'organisation TDAH elpos Suisse</h1>				</div>
				<div class="elementor-element elementor-element-f83c6e0 elementor-widget-mobile__width-inherit elementor-widget elementor-widget-heading" data-id="f83c6e0" data-element_type="widget" data-e-type="widget" data-widget_type="heading.default">
					<h1 class="elementor-heading-title elementor-size-default">Merci pour votre don !</h1>				</div>
				<div class="elementor-element elementor-element-5417191 elementor-widget-tablet__width-initial elementor-widget-mobile__width-inherit elementor-widget elementor-widget-text-editor" data-id="5417191" data-element_type="widget" data-e-type="widget" data-widget_type="text-editor.default">
									<p>Ce sont des personnes comme vous qui nous permettent de soutenir les personnes atteintes de TDAH au moment où elles en ont le plus besoin.</p>								</div>
				</div>
				<div class="elementor-element elementor-element-0eabbe3 elementor-widget__width-initial elementor-widget-tablet__width-initial elementor-widget elementor-widget-image" data-id="0eabbe3" data-element_type="widget" data-e-type="widget" data-widget_type="image.default">
															<img fetchpriority="high" decoding="async" width="800" height="917" src="https://elpos.ch/wp-content/uploads/ADHS-Organisation_elpos-Illustration_Organisation_Kontakt_ADHS-893x1024.webp" class="attachment-large size-large wp-image-19759" alt="" srcset="https://elpos.ch/wp-content/uploads/ADHS-Organisation_elpos-Illustration_Organisation_Kontakt_ADHS-893x1024.webp 893w, https://elpos.ch/wp-content/uploads/ADHS-Organisation_elpos-Illustration_Organisation_Kontakt_ADHS-262x300.webp 262w, https://elpos.ch/wp-content/uploads/ADHS-Organisation_elpos-Illustration_Organisation_Kontakt_ADHS-768x880.webp 768w, https://elpos.ch/wp-content/uploads/ADHS-Organisation_elpos-Illustration_Organisation_Kontakt_ADHS-1340x1536.webp 1340w, https://elpos.ch/wp-content/uploads/ADHS-Organisation_elpos-Illustration_Organisation_Kontakt_ADHS-1787x2048.webp 1787w, https://elpos.ch/wp-content/uploads/ADHS-Organisation_elpos-Illustration_Organisation_Kontakt_ADHS.webp 1800w" sizes="(max-width: 800px) 100vw, 800px" />															</div>
					</div>
				</div>
		<div class="elementor-element elementor-element-b5e2321 e-flex e-con-boxed e-con e-parent" data-id="b5e2321" data-element_type="container" data-e-type="container" data-settings="{&quot;background_background&quot;:&quot;classic&quot;}">
					<div class="e-con-inner">
		<div class="elementor-element elementor-element-7e73bc6 e-con-full e-flex e-con e-child" data-id="7e73bc6" data-element_type="container" data-e-type="container">
				<div class="elementor-element elementor-element-da4a39e elementor-widget__width-initial elementor-widget elementor-widget-heading" data-id="da4a39e" data-element_type="widget" data-e-type="widget" data-widget_type="heading.default">
					<h2 class="elementor-heading-title elementor-size-default">Heures d'ouverture</h2>				</div>
				<div class="elementor-element elementor-element-cddeee4 elementor-widget__width-initial elementor-widget elementor-widget-text-editor" data-id="cddeee4" data-element_type="widget" data-e-type="widget" data-widget_type="text-editor.default">
									<p>Lundi et jeudi (suisse romande)<br />09:00 – 12:00 et 14:00 – 16:00</p><p>Vous pouvez également prendre rendez-vous en ligne pour un rappel.</p>								</div>
				<div class="elementor-element elementor-element-e437329 elementor-align-left elementor-widget__width-auto elementor-widget elementor-widget-button" data-id="e437329" data-element_type="widget" data-e-type="widget" data-widget_type="button.default">
										<a class="elementor-button elementor-button-link elementor-size-sm" href="tel:0041213509433">
						<span class="elementor-button-content-wrapper">
									<span class="elementor-button-text">Appeler</span>
					</span>
					</a>
								</div>
				<div class="elementor-element elementor-element-3344424 elementor-align-left elementor-widget__width-auto elementor-widget elementor-widget-button" data-id="3344424" data-element_type="widget" data-e-type="widget" data-widget_type="button.default">
										<a class="elementor-button elementor-button-link elementor-size-sm" href="https://bookings.cloud.microsoft/book/TerminbuchungADHSOrganisationelposSchweiz@elpos.ch/" target="_blank">
						<span class="elementor-button-content-wrapper">
									<span class="elementor-button-text">Prendre rendez-vous</span>
					</span>
					</a>
								</div>
		<div class="elementor-element elementor-element-c4013fa e-con-full e-flex e-con e-child" data-id="c4013fa" data-element_type="container" data-e-type="container">
				<div class="elementor-element elementor-element-15d90e0 elementor-widget__width-auto elementor-widget elementor-widget-image" data-id="15d90e0" data-element_type="widget" data-e-type="widget" data-widget_type="image.default">
															<img decoding="async" src="https://elpos.ch/wp-content/uploads/elementor/thumbs/Elpos_Stefan_Heidelberger-qyfsafhx2x3dvgmnd4kkr1ukkd7cd9j299vrdy5x80.webp" title="Elpos_Stefan_Heidelberger" alt="Elpos_Stefan_Heidelberger" loading="lazy" />															</div>
				<div class="elementor-element elementor-element-6584845 elementor-widget__width-inherit elementor-widget elementor-widget-text-editor" data-id="6584845" data-element_type="widget" data-e-type="widget" data-widget_type="text-editor.default">
									<p>Grâce aux précieux conseils, j'ai pu transformer ma frustration liée au TDAH en une fascination pour le TDAH.</p><p><small>Stefan</small></p>								</div>
				</div>
				</div>
				<div class="elementor-element elementor-element-71e84c2 elementor-widget__width-initial elementor-widget-tablet__width-inherit elementor-widget elementor-widget-heading" data-id="71e84c2" data-element_type="widget" data-e-type="widget" data-widget_type="heading.default">
					<h2 class="elementor-heading-title elementor-size-default">Contact avec elpos</h2>				</div>
					</div>
				</div>
				</div>

<p>Spenden an die ADHS-Organisation elpos Schweiz Vielen Dank für Ihre Spende! Es sind Menschen wie Sie, die uns ermöglichen, Menschen mit ADHS dann zu unterstützen, wenn sie es am dringendsten brauchen. Öffnungszeiten Montag, Dienstag und Donnerstag09:00 &#8211; 12:00 und 14:00 &#8211; 16:00 Uhr Gerne können Sie ausserdem online einen Termin für einen Rückruf vereinbaren. Anrufen [&hellip;]</p>
