{"id":16311,"date":"2026-03-12T09:06:00","date_gmt":"2026-03-12T08:06:00","guid":{"rendered":"https:\/\/elpos.ch\/?post_type=erfahrungsberichte&#038;p=16311"},"modified":"2026-08-26T09:59:55","modified_gmt":"2026-08-26T07:59:55","slug":"le-desespoir-me-prend-encore-parfois-aujourdhui","status":"publish","type":"erfahrungsberichte","link":"https:\/\/elpos.ch\/fr\/erfahrungsberichte\/die-verzweiflung-nimmt-mich-auch-heute-noch-manchmal-mit\/","title":{"rendered":"\u00ab Le d\u00e9sespoir me touche encore et me pr\u00e9occupe. \u00bb"},"content":{"rendered":"<p class=\"wp-block-paragraph\"><em>Depuis 11 ans, Anita Jung Strub apporte son soutien aux personnes atteintes de TDAH et \u00e0 leur entourage via la ligne de conseil elpos. Sa philosophie : le TDAH n'est pas un d\u00e9ficit, mais une autre fa\u00e7on de percevoir le monde. Entretien sur son travail et ses ressources personnelles.<\/em><\/p>\n\n\n\n<p class=\"wp-block-paragraph\"><em>Quel est ton lien personnel avec le TDAH ?<\/em><\/p>\n\n\n\n<p class=\"wp-block-paragraph\">Je pense que je viens d'une vraie famille de TDAH, et j'ai \u00e9tudi\u00e9 la psychop\u00e9dagogie sociale. J'ai toujours travaill\u00e9 avec l'humain, avec toute la palette de forces et de d\u00e9fis. Cela m'a fa\u00e7onn\u00e9e et c'est aussi la raison pour laquelle je travaille chez elpos. Le d\u00e9clic a \u00e9t\u00e9 le diagnostic de mon fils. Cela fait maintenant 15 ans que je suis chez elpos, d'abord au comit\u00e9 de direction et depuis 11 ans dans le domaine du conseil.<\/p>\n\n\n\n<p class=\"wp-block-paragraph\"><em>Quels d\u00e9fis rencontres-tu dans cette activit\u00e9 ?<\/em><\/p>\n\n\n\n<p class=\"wp-block-paragraph\">Il y en a deux qui sont majeurs : Premi\u00e8rement, m'adapter sans cesse aux probl\u00e8mes actuels, tr\u00e8s sp\u00e9cifiques et individuels des personnes qui demandent conseil. Puis, deuxi\u00e8mement, \u00eatre imm\u00e9diatement pr\u00e9sente au t\u00e9l\u00e9phone, recueillir la personne exactement l\u00e0 o\u00f9 elle se trouve, et trouver le mot juste. Une fois, j'ai eu au t\u00e9l\u00e9phone quelqu'un qui avait des envies suicidaires. Cela m'a marqu\u00e9 pendant longtemps.<\/p>\n\n\n\n<p class=\"wp-block-paragraph\"><em>\u00c7a semble lourd \u00e0 porter. Comment fais-tu pour prendre de la distance ? \u00a0<\/em><\/p>\n\n\n\n<p class=\"wp-block-paragraph\">Avec le temps, j'y arrive mieux, mais j'ai d\u00fb apprendre. Bien s\u00fbr, il y a des moments o\u00f9 le d\u00e9sespoir des parents d'aujourd'hui me touche encore et me pr\u00e9occupe longtemps. Pour couper court \u00e0 cette rumination, je vais beaucoup dans la nature, je vois des amis, je fais de la musique. Le fait que je chante r\u00e9guli\u00e8rement dans une chorale m'apporte de la stabilit\u00e9 et me permet de reprendre pied.<\/p>\n\n\n\n<p class=\"wp-block-paragraph\"><em>Qu'entends-tu le plus souvent en consultation ?<\/em><\/p>\n\n\n\n<p class=\"wp-block-paragraph\">\u00c9norm\u00e9ment de d\u00e9tresse pure. Pour les parents, c'est la peur que leur enfant ne trouve pas sa place, qu'ils ne puissent pas comprendre le diagnostic, que l'\u00e9cole et les voisins posent des probl\u00e8mes, sans oublier leur propre peur de l'\u00e9chec. Chez les adultes, ce sont souvent aussi les partenaires qui appellent, \u00e0 bout de souffle dans leur relation. Les adultes atteints de TDAH, en revanche, demandent g\u00e9n\u00e9ralement des strat\u00e9gies concr\u00e8tes ou bien des lieux pour obtenir de l'aide. Et il est sans cesse question de m\u00e9dicaments et de th\u00e9rapies au sein des \u00e9changes.<\/p>\n\n\n\n<p class=\"wp-block-paragraph\"><em>Quels sont tes meilleurs conseils \u00e0 prodiguer ?<\/em><\/p>\n\n\n\n<p class=\"wp-block-paragraph\">J'essaie de rester aussi ouverte que possible, pas uniquement sur la m\u00e9dication, mais aussi pour \u00e9laborer des strat\u00e9gies qui aident au quotidien. Je montre des options viables, je redonne du courage et je refuse de les laisser basculer dans le sentiment d'impuissance. Il y a toujours une solution, une prochaine \u00e9tape. L'humour est \u00e9galement important pour moi, j'essaie de rire avec les gens, m\u00eame pendant la consultation. J'ai souvent entendu dire : \u00ab Madame Jung, je ne me souvenais m\u00eame plus de la derni\u00e8re fois que j'avais ri, merci ! \u00bb J'encourage \u00e9galement les parents en particulier \u00e0 prendre soin d'eux et \u00e0 d\u00e9couvrir ce qui leur fait du bien.<\/p>\n\n\n\n<p class=\"wp-block-paragraph\"><em>Y a-t-il un message sp\u00e9cifique que tu aimerais adresser aux personnes concern\u00e9es par le TDAH ?<\/em><\/p>\n\n\n\n<p class=\"wp-block-paragraph\">Ayez le courage d'\u00eatre diff\u00e9rents ! Vous n'\u00eates ni \u00ab mal foutus \u00bb, ni moins bien, ni chaotiques dans le mauvais sens. Vous \u00eates sp\u00e9ciaux, vous avez des comp\u00e9tences particuli\u00e8res, et c'est une bonne chose, c'est m\u00eame pr\u00e9cieux. Soyez fiers de ce que vous \u00eates. Ne vous laissez pas fa\u00e7onner par autrui. Aux autres, j'aimerais dire de prendre chaque personne telle qu'elle est, sans vouloir la bloquer dans une case. Je souhaite que le TDAH ne soit plus consid\u00e9r\u00e9 comme un probl\u00e8me, mais comme l'une des nombreuses facettes de l'\u00eatre humain, avec une place pour chacun, tel qu'il est. Car je crois fermement que les personnes qui ont chang\u00e9 le monde avaient toutes un TDAH. <em>(rires)<\/em><\/p>","protected":false},"featured_media":16312,"template":"","class_list":["post-16311","erfahrungsberichte","type-erfahrungsberichte","status-publish","has-post-thumbnail","hentry"],"publishpress_future_workflow_manual_trigger":{"enabledWorkflows":[]},"_links":{"self":[{"href":"https:\/\/elpos.ch\/fr\/wp-json\/wp\/v2\/erfahrungsberichte\/16311","targetHints":{"allow":["GET"]}}],"collection":[{"href":"https:\/\/elpos.ch\/fr\/wp-json\/wp\/v2\/erfahrungsberichte"}],"about":[{"href":"https:\/\/elpos.ch\/fr\/wp-json\/wp\/v2\/types\/erfahrungsberichte"}],"wp:featuredmedia":[{"embeddable":true,"href":"https:\/\/elpos.ch\/fr\/wp-json\/wp\/v2\/media\/16312"}],"wp:attachment":[{"href":"https:\/\/elpos.ch\/fr\/wp-json\/wp\/v2\/media?parent=16311"}],"curies":[{"name":"wp","href":"https:\/\/api.w.org\/{rel}","templated":true}]}}

« Le désespoir me touche encore et me préoccupe. »

<p class="wp-block-paragraph"><em>Depuis 11 ans, Anita Jung Strub apporte son soutien aux personnes atteintes de TDAH et à leur entourage via la ligne de conseil elpos. Sa philosophie : le TDAH n'est pas un déficit, mais une autre façon de percevoir le monde. Entretien sur son travail et ses ressources personnelles.</em></p>



<p class="wp-block-paragraph"><em>Quel est ton lien personnel avec le TDAH ?</em></p>



<p class="wp-block-paragraph">Je pense que je viens d'une vraie famille de TDAH, et j'ai étudié la psychopédagogie sociale. J'ai toujours travaillé avec l'humain, avec toute la palette de forces et de défis. Cela m'a façonnée et c'est aussi la raison pour laquelle je travaille chez elpos. Le déclic a été le diagnostic de mon fils. Cela fait maintenant 15 ans que je suis chez elpos, d'abord au comité de direction et depuis 11 ans dans le domaine du conseil.</p>



<p class="wp-block-paragraph"><em>Quels défis rencontres-tu dans cette activité ?</em></p>



<p class="wp-block-paragraph">Il y en a deux qui sont majeurs : Premièrement, m'adapter sans cesse aux problèmes actuels, très spécifiques et individuels des personnes qui demandent conseil. Puis, deuxièmement, être immédiatement présente au téléphone, recueillir la personne exactement là où elle se trouve, et trouver le mot juste. Une fois, j'ai eu au téléphone quelqu'un qui avait des envies suicidaires. Cela m'a marqué pendant longtemps.</p>



<p class="wp-block-paragraph"><em>Ça semble lourd à porter. Comment fais-tu pour prendre de la distance ?  </em></p>



<p class="wp-block-paragraph">Avec le temps, j'y arrive mieux, mais j'ai dû apprendre. Bien sûr, il y a des moments où le désespoir des parents d'aujourd'hui me touche encore et me préoccupe longtemps. Pour couper court à cette rumination, je vais beaucoup dans la nature, je vois des amis, je fais de la musique. Le fait que je chante régulièrement dans une chorale m'apporte de la stabilité et me permet de reprendre pied.</p>



<p class="wp-block-paragraph"><em>Qu'entends-tu le plus souvent en consultation ?</em></p>



<p class="wp-block-paragraph">Énormément de détresse pure. Pour les parents, c'est la peur que leur enfant ne trouve pas sa place, qu'ils ne puissent pas comprendre le diagnostic, que l'école et les voisins posent des problèmes, sans oublier leur propre peur de l'échec. Chez les adultes, ce sont souvent aussi les partenaires qui appellent, à bout de souffle dans leur relation. Les adultes atteints de TDAH, en revanche, demandent généralement des stratégies concrètes ou bien des lieux pour obtenir de l'aide. Et il est sans cesse question de médicaments et de thérapies au sein des échanges.</p>



<p class="wp-block-paragraph"><em>Quels sont tes meilleurs conseils à prodiguer ?</em></p>



<p class="wp-block-paragraph">J'essaie de rester aussi ouverte que possible, pas uniquement sur la médication, mais aussi pour élaborer des stratégies qui aident au quotidien. Je montre des options viables, je redonne du courage et je refuse de les laisser basculer dans le sentiment d'impuissance. Il y a toujours une solution, une prochaine étape. L'humour est également important pour moi, j'essaie de rire avec les gens, même pendant la consultation. J'ai souvent entendu dire : « Madame Jung, je ne me souvenais même plus de la dernière fois que j'avais ri, merci ! » J'encourage également les parents en particulier à prendre soin d'eux et à découvrir ce qui leur fait du bien.</p>



<p class="wp-block-paragraph"><em>Y a-t-il un message spécifique que tu aimerais adresser aux personnes concernées par le TDAH ?</em></p>



<p class="wp-block-paragraph">Ayez le courage d'être différents ! Vous n'êtes ni « mal foutus », ni moins bien, ni chaotiques dans le mauvais sens. Vous êtes spéciaux, vous avez des compétences particulières, et c'est une bonne chose, c'est même précieux. Soyez fiers de ce que vous êtes. Ne vous laissez pas façonner par autrui. Aux autres, j'aimerais dire de prendre chaque personne telle qu'elle est, sans vouloir la bloquer dans une case. Je souhaite que le TDAH ne soit plus considéré comme un problème, mais comme l'une des nombreuses facettes de l'être humain, avec une place pour chacun, tel qu'il est. Car je crois fermement que les personnes qui ont changé le monde avaient toutes un TDAH. <em>(rires)</em></p>
