{"id":15178,"date":"2026-03-12T09:50:00","date_gmt":"2026-03-12T08:50:00","guid":{"rendered":"https:\/\/elpos.ch\/?post_type=erfahrungsberichte&#038;p=15178"},"modified":"2026-08-26T09:54:44","modified_gmt":"2026-08-26T07:54:44","slug":"on-parle-beaucoup-des-personnes-atteintes-de-tdah-mais-pas-avec-elles","status":"publish","type":"erfahrungsberichte","link":"https:\/\/elpos.ch\/fr\/erfahrungsberichte\/es-wird-viel-ueber-menschen-mit-adhs-gesprochen-aber-nicht-mit-ihnen\/","title":{"rendered":"\u00ab On parle presque toujours de ces personnes atteintes de TDAH, mais rarement avec elles. \u00bb"},"content":{"rendered":"<p class=\"wp-block-paragraph\"><em>\u00c0 20 ans, Luis Casado est l'initiateur de la premi\u00e8re <a href=\"https:\/\/elpos.ch\/fr\/des-jeunes-atteints-de-tdah-au-palais-federal\/\">Conf\u00e9rence nationale sur le TDAH au Palais f\u00e9d\u00e9ral.<\/a> Aux c\u00f4t\u00e9s du conseiller national Simon Stadler, il s'engage pour que la voix des personnes TDAH soit enfin entendue dans le domaine de l'\u00e9ducation.<\/em><\/p>\n\n\n\n<p class=\"wp-block-paragraph\"><em>Luis, tu es toi-m\u00eame atteint de TDAH et tu as suivi tout ton parcours scolaire au sein de notre syst\u00e8me \u00e9ducatif. Comment s'est pass\u00e9 ton parcours vers le diagnostic ?<\/em><\/p>\n\n\n\n<p class=\"wp-block-paragraph\">J'ai re\u00e7u mon diagnostic vers l'\u00e2ge de 7 ans. L'\u00e9valuation a eu lieu peu de temps apr\u00e8s que j'ai \u00e9t\u00e9 r\u00e9orient\u00e9 de la premi\u00e8re ann\u00e9e \u00e0 la classe pr\u00e9paratoire.<\/p>\n\n\n\n<p class=\"wp-block-paragraph\"><em>La nouvelle du diagnostic a-t-elle d\u00e9clench\u00e9 quelque chose en toi ?<\/em><\/p>\n\n\n\n<p class=\"wp-block-paragraph\">Pas sur le coup, j'\u00e9tais sans doute trop jeune. C'est vers 10 ans que j'ai commenc\u00e9 \u00e0 y r\u00e9fl\u00e9chir. J'ai pris conscience que j'\u00e9tais diff\u00e9rent, mais je n'ai jamais v\u00e9cu cela comme un drame. Arriv\u00e9 au gymnase, je me suis vraiment pench\u00e9 sur le TDAH. J'ai appris \u00e0 encore mieux composer avec, et j'ai d\u00e9velopp\u00e9 mes propres strat\u00e9gies.<\/p>\n\n\n\n<p class=\"wp-block-paragraph\"><em>Est-ce que les choses ont \u00e9volu\u00e9 depuis ce diagnostic dans l'enfance ?<\/em><\/p>\n\n\n\n<p class=\"wp-block-paragraph\">La plupart des d\u00e9fis que j'avais avant sont toujours l\u00e0 : les probl\u00e8mes de concentration, d'impulsivit\u00e9, le manque de patience, etc. Disons simplement que je g\u00e8re mieux la majorit\u00e9 des sympt\u00f4mes d\u00e9sormais. Je prenais aussi des m\u00e9dicaments jusqu'\u00e0 l'ann\u00e9e derni\u00e8re. Au printemps dernier, j'ai d\u00e9cid\u00e9 que je voulais essayer sans, et \u00e7a fonctionne tr\u00e8s bien, j'ai m\u00eame pass\u00e9 mon examen de fin de maturit\u00e9 sans m\u00e9dicaments.<\/p>\n\n\n\n<p class=\"wp-block-paragraph\"><em>Et quand tout ne fonctionne pas parfaitement ?<\/em><\/p>\n\n\n\n<p class=\"wp-block-paragraph\">Oui, il y a encore des petits d\u00e9rapages, comme des achats impulsifs par exemple. J'essaie alors de d\u00e9culpabiliser, de relativiser et de profiter de ce que j'ai achet\u00e9. J'ai aussi d\u00e9couvert que je pouvais mieux me concentrer si je griffonnais quelque chose \u00e0 c\u00f4t\u00e9, si je regardais distraitement ou si je jouais avec des stylos, etc. Cela m'a aussi aid\u00e9 lors de mes examens. Mes doigts doivent \u00eatre occup\u00e9s, alors \u00e7a va mieux. Le facteur cl\u00e9, c'est aussi l'int\u00e9r\u00eat pour ce que je fais, je suis maintenant dans ma 4\u1d49 ann\u00e9e d'apprentissage comme g\u00e9omaticien. L\u00e0, je ne manque pas du tout de concentration, \u00e7a me pla\u00eet et je suis toujours \u00e0 fond ! D\u00e8s qu'un sujet me passionne, je suis un vrai feu follet. Je ne l\u00e2che rien tant que ce n'est pas fini, je deviens presque t\u00eatu et je plonge en plein hyperfocus. J'ai aussi beaucoup d'id\u00e9es cr\u00e9atives, je trouve des solutions alternatives. Enfin, j'ai un sens de la justice assez d\u00e9velopp\u00e9, je trouve \u00e7a bien. C'est s\u00fbrement pour cela que j'ai voulu m'impliquer sur la plateforme <a href=\"https:\/\/engage.ch\/veraendere-die-schweiz\/veraendere-die-schweiz-2025\/adhs-depressionen-stress-angst-und-schule-was\" target=\"_blank\" rel=\"noopener\">engage.ch<\/a> .<\/p>\n\n\n\n<p class=\"wp-block-paragraph\"><em>Tu as propos\u00e9 ton id\u00e9e sur cette plateforme il y a un peu plus d'un an, comment \u00e7a s'est pass\u00e9 ?<\/em><\/p>\n\n\n\n<p class=\"wp-block-paragraph\">C'\u00e9tait amusant, j'\u00e9tais justement en train d'\u00e9crire mon m\u00e9moire. Au m\u00eame moment, l'\u00e9cole professionnelle a diffus\u00e9 la publicit\u00e9 pour engage.ch. Elle a compl\u00e8tement captur\u00e9 mon attention et m'a distrait de mon travail (rires). Je me suis inscrit directement en me disant : \u00ab Apr\u00e8s tout, qu'est-ce que j'ai \u00e0 perdre ? \u00bb Quelque temps plus tard, j'ai re\u00e7u la r\u00e9ponse positive et j'ai \u00e9t\u00e9 super surpris. J'ai d'abord pens\u00e9 que c'\u00e9tait du bidon, et maintenant, je trouve vraiment cool que Simon s'investisse avec moi.<\/p>\n\n\n\n<p class=\"wp-block-paragraph\"><em>Le conseiller national Simon Stadler t'a ensuite rencontr\u00e9 pour discuter de ton projet, comment cela s'est-il pass\u00e9 ? \u00a0<\/em><\/p>\n\n\n\n<p class=\"wp-block-paragraph\">J'\u00e9tais nerveux en allant \u00e0 Berne. Rencontrer un conseiller national au Palais f\u00e9d\u00e9ral, c'est pas rien ! Mais j'\u00e9tais convaincu par ma cause et je suis quelqu'un d'ouvert, donc \u00e7a a \u00e9norm\u00e9ment aid\u00e9. La rencontre a \u00e9t\u00e9 agr\u00e9able et productive. On a examin\u00e9 ensemble ce qu'on pouvait faire, et on a vite r\u00e9alis\u00e9 qu'on parle presque toujours <em>de<\/em> ces personnes atteintes de TDAH, mais rarement <em>avec <\/em>elles. C'est de ce constat qu'est n\u00e9e l'id\u00e9e de cette conf\u00e9rence que nous avons mise sur pied en partenariat avec les associations pour le TDAH.<\/p>\n\n\n\n<p class=\"wp-block-paragraph\"><em>Ton objectif est d'am\u00e9liorer le parcours scolaire des personnes atteintes de TDAH. Qu'est-ce qui t'a sp\u00e9cifiquement d\u00e9rang\u00e9 pendant ta scolarit\u00e9 ?<\/em><\/p>\n\n\n\n<p class=\"wp-block-paragraph\">Les enseignants n'\u00e9taient pas assez inform\u00e9s, ils en savaient trop peu sur le TDAH. Ils me traitaient parfois comme si j'\u00e9tais un peu stupide, alors que dans les mati\u00e8res qui m'int\u00e9ressaient, je n'\u00e9tais pas assez stimul\u00e9. Ce qui me pesait aussi, c'\u00e9tait que les enseignants se concentraient souvent sur mes faiblesses, sur ce que je ne faisais pas si bien. \u00c0 mon avis, il aurait \u00e9t\u00e9 beaucoup plus motivant et pertinent qu'ils se concentrent sur mes points forts ! Mes fr\u00e8res et s\u0153urs aussi, ils ont tous les deux du TDAH, et ils ont v\u00e9cu la m\u00eame chose. Donc je pense que les enseignants devraient en savoir plus sur le TDAH !<\/p>\n\n\n\n<p class=\"wp-block-paragraph\"><em>Quel message est-ce que tu voudrais faire passer \u00e0 la soci\u00e9t\u00e9 ? \u00a0<\/em><\/p>\n\n\n\n<p class=\"wp-block-paragraph\">Ne pensez pas qu'une personne atteinte de TDAH ne peut pas faire certaines choses simplement parce qu'elle en est atteinte. Peut-\u00eatre que cela prend un peu plus de temps ou qu'elles ne sont pas dou\u00e9es pour l'\u00e9cole, mais nous pouvons faire beaucoup, et parfois m\u00eame plus que les autres.<\/p>\n\n\n\n<p class=\"wp-block-paragraph\"><em>Et quel message tu voudrais passer \u00e0 ceux concern\u00e9s par le TDAH ?<\/em><\/p>\n\n\n\n<p class=\"wp-block-paragraph\">Apprenez \u00e0 vous observer, quand est-ce que vous \u00eates dans le \u00ab flow \u00bb, quand est-ce que vous ne l'\u00eates pas ? Et surtout, n'ayez jamais honte de votre TDAH. Soyez vous-m\u00eames. Ceux qui vous aiment resteront avec vous quoi qu'il arrive. Apr\u00e8s tout, qui voudrait \u00eatre normal ? C'est ennuyeux.<\/p>\n\n\n\n<p class=\"wp-block-paragraph\">Pour en savoir plus sur la conf\u00e9rence nationale sur le TDAH, cliquez ici : <a href=\"https:\/\/elpos.ch\/fr\/des-jeunes-atteints-de-tdah-au-palais-federal\/\">www.elpos.ch\/actualit\u00e9s<\/a><\/p>","protected":false},"featured_media":16306,"template":"","class_list":["post-15178","erfahrungsberichte","type-erfahrungsberichte","status-publish","has-post-thumbnail","hentry"],"publishpress_future_workflow_manual_trigger":{"enabledWorkflows":[]},"_links":{"self":[{"href":"https:\/\/elpos.ch\/fr\/wp-json\/wp\/v2\/erfahrungsberichte\/15178","targetHints":{"allow":["GET"]}}],"collection":[{"href":"https:\/\/elpos.ch\/fr\/wp-json\/wp\/v2\/erfahrungsberichte"}],"about":[{"href":"https:\/\/elpos.ch\/fr\/wp-json\/wp\/v2\/types\/erfahrungsberichte"}],"wp:featuredmedia":[{"embeddable":true,"href":"https:\/\/elpos.ch\/fr\/wp-json\/wp\/v2\/media\/16306"}],"wp:attachment":[{"href":"https:\/\/elpos.ch\/fr\/wp-json\/wp\/v2\/media?parent=15178"}],"curies":[{"name":"wp","href":"https:\/\/api.w.org\/{rel}","templated":true}]}}

<p class="wp-block-paragraph"><em>À 20 ans, Luis Casado est l'initiateur de la première <a href="https://elpos.ch/fr/des-jeunes-atteints-de-tdah-au-palais-federal/">Conférence nationale sur le TDAH au Palais fédéral.</a> Aux côtés du conseiller national Simon Stadler, il s'engage pour que la voix des personnes TDAH soit enfin entendue dans le domaine de l'éducation.</em></p>



<p class="wp-block-paragraph"><em>Luis, tu es toi-même atteint de TDAH et tu as suivi tout ton parcours scolaire au sein de notre système éducatif. Comment s'est passé ton parcours vers le diagnostic ?</em></p>



<p class="wp-block-paragraph">J'ai reçu mon diagnostic vers l'âge de 7 ans. L'évaluation a eu lieu peu de temps après que j'ai été réorienté de la première année à la classe préparatoire.</p>



<p class="wp-block-paragraph"><em>La nouvelle du diagnostic a-t-elle déclenché quelque chose en toi ?</em></p>



<p class="wp-block-paragraph">Pas sur le coup, j'étais sans doute trop jeune. C'est vers 10 ans que j'ai commencé à y réfléchir. J'ai pris conscience que j'étais différent, mais je n'ai jamais vécu cela comme un drame. Arrivé au gymnase, je me suis vraiment penché sur le TDAH. J'ai appris à encore mieux composer avec, et j'ai développé mes propres stratégies.</p>



<p class="wp-block-paragraph"><em>Est-ce que les choses ont évolué depuis ce diagnostic dans l'enfance ?</em></p>



<p class="wp-block-paragraph">La plupart des défis que j'avais avant sont toujours là : les problèmes de concentration, d'impulsivité, le manque de patience, etc. Disons simplement que je gère mieux la majorité des symptômes désormais. Je prenais aussi des médicaments jusqu'à l'année dernière. Au printemps dernier, j'ai décidé que je voulais essayer sans, et ça fonctionne très bien, j'ai même passé mon examen de fin de maturité sans médicaments.</p>



<p class="wp-block-paragraph"><em>Et quand tout ne fonctionne pas parfaitement ?</em></p>



<p class="wp-block-paragraph">Oui, il y a encore des petits dérapages, comme des achats impulsifs par exemple. J'essaie alors de déculpabiliser, de relativiser et de profiter de ce que j'ai acheté. J'ai aussi découvert que je pouvais mieux me concentrer si je griffonnais quelque chose à côté, si je regardais distraitement ou si je jouais avec des stylos, etc. Cela m'a aussi aidé lors de mes examens. Mes doigts doivent être occupés, alors ça va mieux. Le facteur clé, c'est aussi l'intérêt pour ce que je fais, je suis maintenant dans ma 4ᵉ année d'apprentissage comme géomaticien. Là, je ne manque pas du tout de concentration, ça me plaît et je suis toujours à fond ! Dès qu'un sujet me passionne, je suis un vrai feu follet. Je ne lâche rien tant que ce n'est pas fini, je deviens presque têtu et je plonge en plein hyperfocus. J'ai aussi beaucoup d'idées créatives, je trouve des solutions alternatives. Enfin, j'ai un sens de la justice assez développé, je trouve ça bien. C'est sûrement pour cela que j'ai voulu m'impliquer sur la plateforme <a href="https://engage.ch/veraendere-die-schweiz/veraendere-die-schweiz-2025/adhs-depressionen-stress-angst-und-schule-was" target="_blank" rel="noopener">engage.ch</a> .</p>



<p class="wp-block-paragraph"><em>Tu as proposé ton idée sur cette plateforme il y a un peu plus d'un an, comment ça s'est passé ?</em></p>



<p class="wp-block-paragraph">C'était amusant, j'étais justement en train d'écrire mon mémoire. Au même moment, l'école professionnelle a diffusé la publicité pour engage.ch. Elle a complètement capturé mon attention et m'a distrait de mon travail (rires). Je me suis inscrit directement en me disant : « Après tout, qu'est-ce que j'ai à perdre ? » Quelque temps plus tard, j'ai reçu la réponse positive et j'ai été super surpris. J'ai d'abord pensé que c'était du bidon, et maintenant, je trouve vraiment cool que Simon s'investisse avec moi.</p>



<p class="wp-block-paragraph"><em>Le conseiller national Simon Stadler t'a ensuite rencontré pour discuter de ton projet, comment cela s'est-il passé ?  </em></p>



<p class="wp-block-paragraph">J'étais nerveux en allant à Berne. Rencontrer un conseiller national au Palais fédéral, c'est pas rien ! Mais j'étais convaincu par ma cause et je suis quelqu'un d'ouvert, donc ça a énormément aidé. La rencontre a été agréable et productive. On a examiné ensemble ce qu'on pouvait faire, et on a vite réalisé qu'on parle presque toujours <em>de</em> ces personnes atteintes de TDAH, mais rarement <em>avec </em>elles. C'est de ce constat qu'est née l'idée de cette conférence que nous avons mise sur pied en partenariat avec les associations pour le TDAH.</p>



<p class="wp-block-paragraph"><em>Ton objectif est d'améliorer le parcours scolaire des personnes atteintes de TDAH. Qu'est-ce qui t'a spécifiquement dérangé pendant ta scolarité ?</em></p>



<p class="wp-block-paragraph">Les enseignants n'étaient pas assez informés, ils en savaient trop peu sur le TDAH. Ils me traitaient parfois comme si j'étais un peu stupide, alors que dans les matières qui m'intéressaient, je n'étais pas assez stimulé. Ce qui me pesait aussi, c'était que les enseignants se concentraient souvent sur mes faiblesses, sur ce que je ne faisais pas si bien. À mon avis, il aurait été beaucoup plus motivant et pertinent qu'ils se concentrent sur mes points forts ! Mes frères et sœurs aussi, ils ont tous les deux du TDAH, et ils ont vécu la même chose. Donc je pense que les enseignants devraient en savoir plus sur le TDAH !</p>



<p class="wp-block-paragraph"><em>Quel message est-ce que tu voudrais faire passer à la société ?  </em></p>



<p class="wp-block-paragraph">Ne pensez pas qu'une personne atteinte de TDAH ne peut pas faire certaines choses simplement parce qu'elle en est atteinte. Peut-être que cela prend un peu plus de temps ou qu'elles ne sont pas douées pour l'école, mais nous pouvons faire beaucoup, et parfois même plus que les autres.</p>



<p class="wp-block-paragraph"><em>Et quel message tu voudrais passer à ceux concernés par le TDAH ?</em></p>



<p class="wp-block-paragraph">Apprenez à vous observer, quand est-ce que vous êtes dans le « flow », quand est-ce que vous ne l'êtes pas ? Et surtout, n'ayez jamais honte de votre TDAH. Soyez vous-mêmes. Ceux qui vous aiment resteront avec vous quoi qu'il arrive. Après tout, qui voudrait être normal ? C'est ennuyeux.</p>



<p class="wp-block-paragraph">Pour en savoir plus sur la conférence nationale sur le TDAH, cliquez ici : <a href="https://elpos.ch/fr/des-jeunes-atteints-de-tdah-au-palais-federal/">www.elpos.ch/actualités</a></p>
